{"id":90,"date":"2024-03-15T20:51:10","date_gmt":"2024-03-15T19:51:10","guid":{"rendered":"https:\/\/lesalmees.fr\/?page_id=90"},"modified":"2025-01-19T15:59:00","modified_gmt":"2025-01-19T14:59:00","slug":"accueil","status":"publish","type":"page","link":"https:\/\/lesalmees.fr\/","title":{"rendered":"Menu"},"content":{"rendered":"\n<div class=\"wp-block-columns is-layout-flex wp-container-core-columns-is-layout-28f84493 wp-block-columns-is-layout-flex\">\n<div class=\"wp-block-column is-layout-flow wp-block-column-is-layout-flow\">\n<figure class=\"wp-block-image size-full\"><a href=\"https:\/\/lesalmees.fr\/index.php\/presentation\/\"><img loading=\"lazy\" decoding=\"async\" width=\"180\" height=\"255\" src=\"http:\/\/lesalmees.fr\/wp-content\/uploads\/2024\/05\/Presentation.jpg\" alt=\"\" class=\"wp-image-209\"\/><\/a><\/figure>\n<\/div>\n\n\n\n<div class=\"wp-block-column is-layout-flow wp-block-column-is-layout-flow\">\n<figure class=\"wp-block-image size-full\"><a href=\"https:\/\/lesalmees.fr\/index.php\/ateliers\/\"><img loading=\"lazy\" decoding=\"async\" width=\"180\" height=\"255\" src=\"http:\/\/lesalmees.fr\/wp-content\/uploads\/2024\/05\/Ateliers.jpg\" alt=\"\" class=\"wp-image-206\"\/><\/a><\/figure>\n<\/div>\n\n\n\n<div class=\"wp-block-column is-layout-flow wp-block-column-is-layout-flow\">\n<figure class=\"wp-block-image size-full\"><a href=\"http:\/\/lesalmees.fr\/index.php\/category\/stages\/\"><img loading=\"lazy\" decoding=\"async\" width=\"180\" height=\"255\" src=\"http:\/\/lesalmees.fr\/wp-content\/uploads\/2024\/05\/Stages.jpg\" alt=\"\" class=\"wp-image-210\"\/><\/a><\/figure>\n<\/div>\n\n\n\n<div class=\"wp-block-column is-layout-flow wp-block-column-is-layout-flow\">\n<figure class=\"wp-block-image size-full\"><a href=\"http:\/\/lesalmees.fr\/index.php\/category\/evenements\"><img loading=\"lazy\" decoding=\"async\" width=\"180\" height=\"255\" src=\"http:\/\/lesalmees.fr\/wp-content\/uploads\/2024\/05\/Evenements.jpg\" alt=\"\" class=\"wp-image-207\"\/><\/a><\/figure>\n<\/div>\n\n\n\n<div class=\"wp-block-column is-layout-flow wp-block-column-is-layout-flow\">\n<figure class=\"wp-block-image size-full\"><a href=\"https:\/\/lesalmees.fr\/index.php\/galerie\/\"><img decoding=\"async\" src=\"http:\/\/lesalmees.fr\/wp-content\/uploads\/2024\/05\/Galerie.jpg\" alt=\"\" class=\"wp-image-207\"\/><\/a><\/figure>\n<\/div>\n<\/div>\n\n\n<ul class=\"wp-block-latest-posts__list wp-block-latest-posts\"><li><a class=\"wp-block-latest-posts__post-title\" href=\"https:\/\/lesalmees.fr\/index.php\/2025\/10\/22\/stage-viking-tribal-style-2026\/\">Stage Viking Tribal Style 2026<\/a><\/li>\n<li><a class=\"wp-block-latest-posts__post-title\" href=\"https:\/\/lesalmees.fr\/index.php\/2025\/08\/07\/inscription-rentree-2025-2026\/\">Bient\u00f4t la rentr\u00e9e !<\/a><\/li>\n<li><a class=\"wp-block-latest-posts__post-title\" href=\"https:\/\/lesalmees.fr\/index.php\/2025\/06\/28\/cest-deja-lete\/\">C&rsquo;est d\u00e9j\u00e0 l&rsquo;\u00e9t\u00e9 !!!<\/a><\/li>\n<li><a class=\"wp-block-latest-posts__post-title\" href=\"https:\/\/lesalmees.fr\/index.php\/2025\/01\/20\/stage-vts\/\">Stage Viking Tribal Style<\/a><\/li>\n<li><a class=\"wp-block-latest-posts__post-title\" href=\"https:\/\/lesalmees.fr\/index.php\/2025\/01\/19\/prestations-blois-et-amboise\/\">Une fin d&rsquo;ann\u00e9e bien charg\u00e9e !<\/a><\/li>\n<li><a class=\"wp-block-latest-posts__post-title\" href=\"https:\/\/lesalmees.fr\/index.php\/2025\/01\/05\/stage-fcbdstyle-main-de-feu\/\">Stage FCBD\u00aeStyle Main de feu<\/a><\/li>\n<li><a class=\"wp-block-latest-posts__post-title\" href=\"https:\/\/lesalmees.fr\/index.php\/2025\/01\/01\/prestations-animations\/\">Prestations \/ Animations<\/a><\/li>\n<li><a class=\"wp-block-latest-posts__post-title\" href=\"https:\/\/lesalmees.fr\/index.php\/2024\/09\/19\/cest-la-rentree-a-lada\/\">C&rsquo;est la rentr\u00e9e \u00e0 l&rsquo;ADA !!!<\/a><\/li>\n<li><a class=\"wp-block-latest-posts__post-title\" href=\"https:\/\/lesalmees.fr\/index.php\/2024\/09\/03\/les-photos-du-festival-blois-danse\/\">Les photos du Festival Blois Danse<\/a><\/li>\n<li><a class=\"wp-block-latest-posts__post-title\" href=\"https:\/\/lesalmees.fr\/index.php\/2024\/08\/26\/retour-en-images-sur-la-guinguette-de-la-forteresse\/\">Retour en images sur la Guinguette de la Forteresse<\/a><\/li>\n<\/ul>\n\n\n<p><\/p>\n","protected":false},"excerpt":{"rendered":"","protected":false},"author":1,"featured_media":0,"parent":0,"menu_order":0,"comment_status":"closed","ping_status":"closed","template":"","meta":{"site-sidebar-layout":"default","site-content-layout":"","ast-site-content-layout":"","site-content-style":"default","site-sidebar-style":"default","ast-global-header-display":"","ast-banner-title-visibility":"","ast-main-header-display":"","ast-hfb-above-header-display":"","ast-hfb-below-header-display":"","ast-hfb-mobile-header-display":"","site-post-title":"disabled","ast-breadcrumbs-content":"","ast-featured-img":"","footer-sml-layout":"","theme-transparent-header-meta":"","adv-header-id-meta":"","stick-header-meta":"","header-above-stick-meta":"","header-main-stick-meta":"","header-below-stick-meta":"","astra-migrate-meta-layouts":"default","ast-page-background-enabled":"default","ast-page-background-meta":{"desktop":{"background-color":"var(--ast-global-color-4)","background-image":"","background-repeat":"repeat","background-position":"center center","background-size":"auto","background-attachment":"scroll","background-type":"","background-media":"","overlay-type":"","overlay-color":"","overlay-gradient":""},"tablet":{"background-color":"","background-image":"","background-repeat":"repeat","background-position":"center center","background-size":"auto","background-attachment":"scroll","background-type":"","background-media":"","overlay-type":"","overlay-color":"","overlay-gradient":""},"mobile":{"background-color":"","background-image":"","background-repeat":"repeat","background-position":"center center","background-size":"auto","background-attachment":"scroll","background-type":"","background-media":"","overlay-type":"","overlay-color":"","overlay-gradient":""}},"ast-content-background-meta":{"desktop":{"background-color":"var(--ast-global-color-5)","background-image":"","background-repeat":"repeat","background-position":"center center","background-size":"auto","background-attachment":"scroll","background-type":"","background-media":"","overlay-type":"","overlay-color":"","overlay-gradient":""},"tablet":{"background-color":"var(--ast-global-color-5)","background-image":"","background-repeat":"repeat","background-position":"center center","background-size":"auto","background-attachment":"scroll","background-type":"","background-media":"","overlay-type":"","overlay-color":"","overlay-gradient":""},"mobile":{"background-color":"var(--ast-global-color-5)","background-image":"","background-repeat":"repeat","background-position":"center center","background-size":"auto","background-attachment":"scroll","background-type":"","background-media":"","overlay-type":"","overlay-color":"","overlay-gradient":""}},"footnotes":""},"class_list":["post-90","page","type-page","status-publish","hentry"],"yoast_head":"<!-- This site is optimized with the Yoast SEO plugin v22.2 - https:\/\/yoast.com\/wordpress\/plugins\/seo\/ -->\n<title>Menu - Les Alm\u00e9es<\/title>\n<meta name=\"robots\" content=\"index, follow, max-snippet:-1, max-image-preview:large, max-video-preview:-1\" \/>\n<link rel=\"canonical\" href=\"https:\/\/lesalmees.fr\/\" \/>\n<meta property=\"og:locale\" content=\"fr_FR\" \/>\n<meta property=\"og:type\" content=\"article\" \/>\n<meta property=\"og:title\" content=\"Menu - Les Alm\u00e9es\" \/>\n<meta property=\"og:url\" content=\"https:\/\/lesalmees.fr\/\" \/>\n<meta property=\"og:site_name\" content=\"Les Alm\u00e9es\" \/>\n<meta property=\"article:modified_time\" content=\"2025-01-19T14:59:00+00:00\" \/>\n<meta property=\"og:image\" content=\"http:\/\/lesalmees.fr\/wp-content\/uploads\/2024\/05\/Presentation.jpg\" \/>\n<meta name=\"twitter:card\" content=\"summary_large_image\" \/>\n<meta name=\"twitter:label1\" content=\"Dur\u00e9e de lecture estim\u00e9e\" \/>\n\t<meta name=\"twitter:data1\" content=\"1 minute\" \/>\n<script type=\"application\/ld+json\" class=\"yoast-schema-graph\">{\"@context\":\"https:\/\/schema.org\",\"@graph\":[{\"@type\":\"WebPage\",\"@id\":\"https:\/\/lesalmees.fr\/\",\"url\":\"https:\/\/lesalmees.fr\/\",\"name\":\"Menu - Les Alm\u00e9es\",\"isPartOf\":{\"@id\":\"https:\/\/lesalmees.fr\/#website\"},\"primaryImageOfPage\":{\"@id\":\"https:\/\/lesalmees.fr\/#primaryimage\"},\"image\":{\"@id\":\"https:\/\/lesalmees.fr\/#primaryimage\"},\"thumbnailUrl\":\"http:\/\/lesalmees.fr\/wp-content\/uploads\/2024\/05\/Presentation.jpg\",\"datePublished\":\"2024-03-15T19:51:10+00:00\",\"dateModified\":\"2025-01-19T14:59:00+00:00\",\"breadcrumb\":{\"@id\":\"https:\/\/lesalmees.fr\/#breadcrumb\"},\"inLanguage\":\"fr-FR\",\"potentialAction\":[{\"@type\":\"ReadAction\",\"target\":[\"https:\/\/lesalmees.fr\/\"]}]},{\"@type\":\"ImageObject\",\"inLanguage\":\"fr-FR\",\"@id\":\"https:\/\/lesalmees.fr\/#primaryimage\",\"url\":\"https:\/\/lesalmees.fr\/wp-content\/uploads\/2024\/05\/Presentation.jpg\",\"contentUrl\":\"https:\/\/lesalmees.fr\/wp-content\/uploads\/2024\/05\/Presentation.jpg\",\"width\":180,\"height\":255,\"caption\":\"Pr\u00e9sentation\"},{\"@type\":\"BreadcrumbList\",\"@id\":\"https:\/\/lesalmees.fr\/#breadcrumb\",\"itemListElement\":[{\"@type\":\"ListItem\",\"position\":1,\"name\":\"Accueil\",\"item\":\"https:\/\/lesalmees.fr\/\"},{\"@type\":\"ListItem\",\"position\":2,\"name\":\"Menu\"}]},{\"@type\":\"WebSite\",\"@id\":\"https:\/\/lesalmees.fr\/#website\",\"url\":\"https:\/\/lesalmees.fr\/\",\"name\":\"Les Alm\u00e9es\",\"description\":\"\",\"publisher\":{\"@id\":\"https:\/\/lesalmees.fr\/#organization\"},\"potentialAction\":[{\"@type\":\"SearchAction\",\"target\":{\"@type\":\"EntryPoint\",\"urlTemplate\":\"https:\/\/lesalmees.fr\/?s={search_term_string}\"},\"query-input\":\"required name=search_term_string\"}],\"inLanguage\":\"fr-FR\"},{\"@type\":\"Organization\",\"@id\":\"https:\/\/lesalmees.fr\/#organization\",\"name\":\"Les Alm\u00e9es\",\"url\":\"https:\/\/lesalmees.fr\/\",\"logo\":{\"@type\":\"ImageObject\",\"inLanguage\":\"fr-FR\",\"@id\":\"https:\/\/lesalmees.fr\/#\/schema\/logo\/image\/\",\"url\":\"https:\/\/lesalmees.fr\/wp-content\/uploads\/2023\/09\/cropped-logo3-copier-1.png\",\"contentUrl\":\"https:\/\/lesalmees.fr\/wp-content\/uploads\/2023\/09\/cropped-logo3-copier-1.png\",\"width\":799,\"height\":916,\"caption\":\"Les Alm\u00e9es\"},\"image\":{\"@id\":\"https:\/\/lesalmees.fr\/#\/schema\/logo\/image\/\"}}]}<\/script>\n<!-- \/ Yoast SEO plugin. -->","yoast_head_json":{"title":"Menu - Les Alm\u00e9es","robots":{"index":"index","follow":"follow","max-snippet":"max-snippet:-1","max-image-preview":"max-image-preview:large","max-video-preview":"max-video-preview:-1"},"canonical":"https:\/\/lesalmees.fr\/","og_locale":"fr_FR","og_type":"article","og_title":"Menu - Les Alm\u00e9es","og_url":"https:\/\/lesalmees.fr\/","og_site_name":"Les Alm\u00e9es","article_modified_time":"2025-01-19T14:59:00+00:00","og_image":[{"url":"http:\/\/lesalmees.fr\/wp-content\/uploads\/2024\/05\/Presentation.jpg"}],"twitter_card":"summary_large_image","twitter_misc":{"Dur\u00e9e de lecture estim\u00e9e":"1 minute"},"schema":{"@context":"https:\/\/schema.org","@graph":[{"@type":"WebPage","@id":"https:\/\/lesalmees.fr\/","url":"https:\/\/lesalmees.fr\/","name":"Menu - Les Alm\u00e9es","isPartOf":{"@id":"https:\/\/lesalmees.fr\/#website"},"primaryImageOfPage":{"@id":"https:\/\/lesalmees.fr\/#primaryimage"},"image":{"@id":"https:\/\/lesalmees.fr\/#primaryimage"},"thumbnailUrl":"http:\/\/lesalmees.fr\/wp-content\/uploads\/2024\/05\/Presentation.jpg","datePublished":"2024-03-15T19:51:10+00:00","dateModified":"2025-01-19T14:59:00+00:00","breadcrumb":{"@id":"https:\/\/lesalmees.fr\/#breadcrumb"},"inLanguage":"fr-FR","potentialAction":[{"@type":"ReadAction","target":["https:\/\/lesalmees.fr\/"]}]},{"@type":"ImageObject","inLanguage":"fr-FR","@id":"https:\/\/lesalmees.fr\/#primaryimage","url":"https:\/\/lesalmees.fr\/wp-content\/uploads\/2024\/05\/Presentation.jpg","contentUrl":"https:\/\/lesalmees.fr\/wp-content\/uploads\/2024\/05\/Presentation.jpg","width":180,"height":255,"caption":"Pr\u00e9sentation"},{"@type":"BreadcrumbList","@id":"https:\/\/lesalmees.fr\/#breadcrumb","itemListElement":[{"@type":"ListItem","position":1,"name":"Accueil","item":"https:\/\/lesalmees.fr\/"},{"@type":"ListItem","position":2,"name":"Menu"}]},{"@type":"WebSite","@id":"https:\/\/lesalmees.fr\/#website","url":"https:\/\/lesalmees.fr\/","name":"Les Alm\u00e9es","description":"","publisher":{"@id":"https:\/\/lesalmees.fr\/#organization"},"potentialAction":[{"@type":"SearchAction","target":{"@type":"EntryPoint","urlTemplate":"https:\/\/lesalmees.fr\/?s={search_term_string}"},"query-input":"required name=search_term_string"}],"inLanguage":"fr-FR"},{"@type":"Organization","@id":"https:\/\/lesalmees.fr\/#organization","name":"Les Alm\u00e9es","url":"https:\/\/lesalmees.fr\/","logo":{"@type":"ImageObject","inLanguage":"fr-FR","@id":"https:\/\/lesalmees.fr\/#\/schema\/logo\/image\/","url":"https:\/\/lesalmees.fr\/wp-content\/uploads\/2023\/09\/cropped-logo3-copier-1.png","contentUrl":"https:\/\/lesalmees.fr\/wp-content\/uploads\/2023\/09\/cropped-logo3-copier-1.png","width":799,"height":916,"caption":"Les Alm\u00e9es"},"image":{"@id":"https:\/\/lesalmees.fr\/#\/schema\/logo\/image\/"}}]}},"_links":{"self":[{"href":"https:\/\/lesalmees.fr\/index.php\/wp-json\/wp\/v2\/pages\/90","targetHints":{"allow":["GET"]}}],"collection":[{"href":"https:\/\/lesalmees.fr\/index.php\/wp-json\/wp\/v2\/pages"}],"about":[{"href":"https:\/\/lesalmees.fr\/index.php\/wp-json\/wp\/v2\/types\/page"}],"author":[{"embeddable":true,"href":"https:\/\/lesalmees.fr\/index.php\/wp-json\/wp\/v2\/users\/1"}],"replies":[{"embeddable":true,"href":"https:\/\/lesalmees.fr\/index.php\/wp-json\/wp\/v2\/comments?post=90"}],"version-history":[{"count":25,"href":"https:\/\/lesalmees.fr\/index.php\/wp-json\/wp\/v2\/pages\/90\/revisions"}],"predecessor-version":[{"id":470,"href":"https:\/\/lesalmees.fr\/index.php\/wp-json\/wp\/v2\/pages\/90\/revisions\/470"}],"wp:attachment":[{"href":"https:\/\/lesalmees.fr\/index.php\/wp-json\/wp\/v2\/media?parent=90"}],"curies":[{"name":"wp","href":"https:\/\/api.w.org\/{rel}","templated":true}]}}